{"id":721,"date":"2019-03-20T22:07:42","date_gmt":"2019-03-21T01:07:42","guid":{"rendered":"http:\/\/engmec.ibiruba.ifrs.edu.br\/?page_id=721"},"modified":"2023-07-31T16:25:58","modified_gmt":"2023-07-31T19:25:58","slug":"laboratorio-de-hidraulica-e-pneumatica","status":"publish","type":"page","link":"https:\/\/engmec.ibiruba.ifrs.edu.br\/index.php\/laboratorios-2\/laboratorio-de-hidraulica-e-pneumatica\/","title":{"rendered":"Hidr\u00e1ulica e Pneum\u00e1tica"},"content":{"rendered":"\n<p>O laborat\u00f3rio de Hidr\u00e1ulica e Pneum\u00e1tica \u00e9 um ambiente que favorece a articula\u00e7\u00e3o entre teoria e pr\u00e1tica. Comporta duas bancadas hidr\u00e1ulicas, com bomba hidr\u00e1ulica e reservat\u00f3rio de \u00f3leo, man\u00f4metros, cilindros hidr\u00e1ulicos e v\u00e1lvulas de diversos tipos. Em pneum\u00e1tica o laborat\u00f3rio conta com compressor de ar externo ao mesmo, conjunto filtro e regulador de press\u00e3o, e um manipulador eletropneum\u00e1tico de tr\u00eas eixos equipado com atuadores lineares de a\u00e7\u00e3o dupla (eixos X e Y), conex\u00f5es de engate r\u00e1pido, no eixo Z comporta um atuador pneum\u00e1tico de a\u00e7\u00e3o dupla, equipado com ventosa para movimenta\u00e7\u00e3o de pe\u00e7as por v\u00e1cuo, possui tamb\u00e9m um terminal de v\u00e1lvulas de comando fixado no tampo da mesa. Tais equipamentos possibilitam a elabora\u00e7\u00e3o pr\u00e1tica de projetos e montagem de circuitos eletropneum\u00e1ticos e eletrohidr\u00e1ulicos.&nbsp;<\/p>\n\n\n\n<figure class=\"wp-block-image\"><img loading=\"lazy\" decoding=\"async\" width=\"1024\" height=\"768\" src=\"http:\/\/engmec.ibiruba.ifrs.edu.br\/wp-content\/uploads\/2023\/01\/WhatsApp-Image-2023-01-31-at-09.05.44-1-1024x768.jpeg\" alt=\"\" class=\"wp-image-1470\" srcset=\"https:\/\/engmec.ibiruba.ifrs.edu.br\/wp-content\/uploads\/2023\/01\/WhatsApp-Image-2023-01-31-at-09.05.44-1-1024x768.jpeg 1024w, https:\/\/engmec.ibiruba.ifrs.edu.br\/wp-content\/uploads\/2023\/01\/WhatsApp-Image-2023-01-31-at-09.05.44-1-300x225.jpeg 300w, https:\/\/engmec.ibiruba.ifrs.edu.br\/wp-content\/uploads\/2023\/01\/WhatsApp-Image-2023-01-31-at-09.05.44-1-768x576.jpeg 768w, https:\/\/engmec.ibiruba.ifrs.edu.br\/wp-content\/uploads\/2023\/01\/WhatsApp-Image-2023-01-31-at-09.05.44-1.jpeg 1600w\" sizes=\"auto, (max-width: 1024px) 100vw, 1024px\" \/><figcaption>Bancadas de ensaio do laborat\u00f3rio de Hidr\u00e1ulica e Pneum\u00e1tica<\/figcaption><\/figure>\n\n\n\n<figure class=\"wp-block-image\"><img loading=\"lazy\" decoding=\"async\" width=\"1024\" height=\"724\" src=\"http:\/\/engmec.ibiruba.ifrs.edu.br\/wp-content\/uploads\/2023\/07\/Hidr\u00e1ulica-e-Pneum\u00e1tica-1024x724.jpg\" alt=\"\" class=\"wp-image-1808\" srcset=\"https:\/\/engmec.ibiruba.ifrs.edu.br\/wp-content\/uploads\/2023\/07\/Hidr\u00e1ulica-e-Pneum\u00e1tica-1024x724.jpg 1024w, https:\/\/engmec.ibiruba.ifrs.edu.br\/wp-content\/uploads\/2023\/07\/Hidr\u00e1ulica-e-Pneum\u00e1tica-300x212.jpg 300w, https:\/\/engmec.ibiruba.ifrs.edu.br\/wp-content\/uploads\/2023\/07\/Hidr\u00e1ulica-e-Pneum\u00e1tica-768x543.jpg 768w, https:\/\/engmec.ibiruba.ifrs.edu.br\/wp-content\/uploads\/2023\/07\/Hidr\u00e1ulica-e-Pneum\u00e1tica.jpg 1755w\" sizes=\"auto, (max-width: 1024px) 100vw, 1024px\" \/><figcaption>Mapa de Riscos do laborat\u00f3rio de Hidr\u00e1ulica e Pneum\u00e1tica<\/figcaption><\/figure>\n\n\n\n<figure class=\"wp-block-image\"><img loading=\"lazy\" decoding=\"async\" width=\"723\" height=\"1024\" src=\"http:\/\/engmec.ibiruba.ifrs.edu.br\/wp-content\/uploads\/2023\/07\/Hidr\u00e1ulica-723x1024.jpg\" alt=\"\" class=\"wp-image-1809\" srcset=\"https:\/\/engmec.ibiruba.ifrs.edu.br\/wp-content\/uploads\/2023\/07\/Hidr\u00e1ulica-723x1024.jpg 723w, https:\/\/engmec.ibiruba.ifrs.edu.br\/wp-content\/uploads\/2023\/07\/Hidr\u00e1ulica-212x300.jpg 212w, https:\/\/engmec.ibiruba.ifrs.edu.br\/wp-content\/uploads\/2023\/07\/Hidr\u00e1ulica-768x1088.jpg 768w, https:\/\/engmec.ibiruba.ifrs.edu.br\/wp-content\/uploads\/2023\/07\/Hidr\u00e1ulica.jpg 1240w\" sizes=\"auto, (max-width: 723px) 100vw, 723px\" \/><figcaption> Plano de Manuten\u00e7\u00e3o do laborat\u00f3rio de Hidr\u00e1ulica e Penum\u00e1tica<\/figcaption><\/figure>\n\n\n\n<figure class=\"wp-block-image\"><img loading=\"lazy\" decoding=\"async\" width=\"1024\" height=\"723\" src=\"http:\/\/engmec.ibiruba.ifrs.edu.br\/wp-content\/uploads\/2023\/07\/hidraulica_page-0001-1024x723.jpg\" alt=\"\" class=\"wp-image-1861\" srcset=\"https:\/\/engmec.ibiruba.ifrs.edu.br\/wp-content\/uploads\/2023\/07\/hidraulica_page-0001-1024x723.jpg 1024w, https:\/\/engmec.ibiruba.ifrs.edu.br\/wp-content\/uploads\/2023\/07\/hidraulica_page-0001-300x212.jpg 300w, https:\/\/engmec.ibiruba.ifrs.edu.br\/wp-content\/uploads\/2023\/07\/hidraulica_page-0001-768x542.jpg 768w, https:\/\/engmec.ibiruba.ifrs.edu.br\/wp-content\/uploads\/2023\/07\/hidraulica_page-0001.jpg 1756w\" sizes=\"auto, (max-width: 1024px) 100vw, 1024px\" \/><\/figure>\n","protected":false},"excerpt":{"rendered":"<p>O laborat\u00f3rio de Hidr\u00e1ulica e Pneum\u00e1tica \u00e9 um ambiente que favorece a articula\u00e7\u00e3o entre teoria e pr\u00e1tica. Comporta duas bancadas hidr\u00e1ulicas, com bomba hidr\u00e1ulica e reservat\u00f3rio de \u00f3leo, man\u00f4metros, cilindros hidr\u00e1ulicos e v\u00e1lvulas de diversos tipos. Em pneum\u00e1tica o laborat\u00f3rio conta com compressor de ar externo ao mesmo, conjunto filtro e regulador de press\u00e3o, e [&hellip;]<\/p>\n","protected":false},"author":4,"featured_media":0,"parent":433,"menu_order":6,"comment_status":"closed","ping_status":"closed","template":"","meta":{"footnotes":""},"class_list":["post-721","page","type-page","status-publish","hentry"],"_links":{"self":[{"href":"https:\/\/engmec.ibiruba.ifrs.edu.br\/index.php\/wp-json\/wp\/v2\/pages\/721","targetHints":{"allow":["GET"]}}],"collection":[{"href":"https:\/\/engmec.ibiruba.ifrs.edu.br\/index.php\/wp-json\/wp\/v2\/pages"}],"about":[{"href":"https:\/\/engmec.ibiruba.ifrs.edu.br\/index.php\/wp-json\/wp\/v2\/types\/page"}],"author":[{"embeddable":true,"href":"https:\/\/engmec.ibiruba.ifrs.edu.br\/index.php\/wp-json\/wp\/v2\/users\/4"}],"replies":[{"embeddable":true,"href":"https:\/\/engmec.ibiruba.ifrs.edu.br\/index.php\/wp-json\/wp\/v2\/comments?post=721"}],"version-history":[{"count":19,"href":"https:\/\/engmec.ibiruba.ifrs.edu.br\/index.php\/wp-json\/wp\/v2\/pages\/721\/revisions"}],"predecessor-version":[{"id":1862,"href":"https:\/\/engmec.ibiruba.ifrs.edu.br\/index.php\/wp-json\/wp\/v2\/pages\/721\/revisions\/1862"}],"up":[{"embeddable":true,"href":"https:\/\/engmec.ibiruba.ifrs.edu.br\/index.php\/wp-json\/wp\/v2\/pages\/433"}],"wp:attachment":[{"href":"https:\/\/engmec.ibiruba.ifrs.edu.br\/index.php\/wp-json\/wp\/v2\/media?parent=721"}],"curies":[{"name":"wp","href":"https:\/\/api.w.org\/{rel}","templated":true}]}}