{"id":354,"date":"2018-12-19T20:31:08","date_gmt":"2018-12-19T22:31:08","guid":{"rendered":"http:\/\/192.168.56.3\/engmecanica\/?page_id=354"},"modified":"2023-07-31T16:31:30","modified_gmt":"2023-07-31T19:31:30","slug":"laboratorios","status":"publish","type":"page","link":"https:\/\/engmec.ibiruba.ifrs.edu.br\/index.php\/laboratorios\/","title":{"rendered":"Ensaios Mec\u00e2nicos e Metalografia"},"content":{"rendered":"<p><span style=\"font-weight: 400;\">O Laborat\u00f3rio de Ensaios conta com m\u00e1quina universal de ensaios, dur\u00f4metro com escala em <\/span><i><span style=\"font-weight: 400;\">Rockwell<\/span><\/i><span style=\"font-weight: 400;\"> e modelo simplificado de ensaio de impacto. Com esses equipamentos, semestralmente, \u00e9 poss\u00edvel realizar diversos ensaios\/aulas pr\u00e1ticas tais como: ensaio de tra\u00e7\u00e3o; ensaio de compress\u00e3o; verifica\u00e7\u00e3o de durezas e microdurezas e ensaio demonstrativo de impacto. A parte de prepara\u00e7\u00e3o metalogr\u00e1fica e metalografia visa contextualizar o ensino fundamentado nas teorias da Ci\u00eancia dos materiais com aulas pr\u00e1ticas. Essas s\u00e3o realizadas com o uso de: politriz, cortadora de amostras, embutidora, jogos de lixas, insumos para ataque qu\u00edmico e microsc\u00f3pio \u00f3tico.&nbsp;<\/span><\/p>\n\n\n<figure class=\"wp-block-image\"><img loading=\"lazy\" decoding=\"async\" width=\"1024\" height=\"768\" src=\"http:\/\/engmec.ibiruba.ifrs.edu.br\/wp-content\/uploads\/2023\/02\/metalografia-1024x768.jpeg\" alt=\"\" class=\"wp-image-1637\" srcset=\"https:\/\/engmec.ibiruba.ifrs.edu.br\/wp-content\/uploads\/2023\/02\/metalografia-1024x768.jpeg 1024w, https:\/\/engmec.ibiruba.ifrs.edu.br\/wp-content\/uploads\/2023\/02\/metalografia-300x225.jpeg 300w, https:\/\/engmec.ibiruba.ifrs.edu.br\/wp-content\/uploads\/2023\/02\/metalografia-768x576.jpeg 768w, https:\/\/engmec.ibiruba.ifrs.edu.br\/wp-content\/uploads\/2023\/02\/metalografia.jpeg 1600w\" sizes=\"auto, (max-width: 1024px) 100vw, 1024px\" \/><figcaption>Laborat\u00f3rio de Ensaios Mec\u00e2nicos e Metalografia<\/figcaption><\/figure>\n\n\n\n<hr class=\"wp-block-separator\"\/>\n\n\n\n<h2 class=\"wp-block-heading\">Informa\u00e7\u00f5es sobre a utiliza\u00e7\u00e3o do dur\u00f4metro INSIZE ISH-BRV (dispon\u00edvel no laborat\u00f3rio)<\/h2>\n\n\n\n<ul class=\"wp-block-list\"><li><a href=\"https:\/\/www.youtube.com\/watch?v=qEYEQRecyHM\">Clique aqui para assistir o v\u00eddeo sobre a prepara\u00e7\u00e3o do dur\u00f4metro<\/a><\/li><li><a href=\"https:\/\/www.youtube.com\/watch?v=2eMSftDfOUM\">Clique aqui para assistir o v\u00eddeo sobre realiza\u00e7\u00e3o de medidas BRINELL<\/a><\/li><li><a href=\"https:\/\/www.youtube.com\/watch?v=UGpmlEfG05c\">Clique aqui para assistir o v\u00eddeo sobre realiza\u00e7\u00e3o de medidas ROCKWELL<\/a><\/li><li><a href=\"https:\/\/www.youtube.com\/watch?v=G92tqQgrh_U\">Clique aqui para assistir o v\u00eddeo sobre realiza\u00e7\u00e3o de medidas VICKERS<\/a><\/li><li><a href=\"https:\/\/www.youtube.com\/watch?v=yO7N1qKPhLE\">Clique aqui para assistir o v\u00eddeo sobre manuten\u00e7\u00e3o do dur\u00f4metro<\/a><\/li><\/ul>\n\n\n\n<hr class=\"wp-block-separator\"\/>\n\n\n\n<figure class=\"wp-block-image\"><img loading=\"lazy\" decoding=\"async\" width=\"1024\" height=\"724\" src=\"http:\/\/engmec.ibiruba.ifrs.edu.br\/wp-content\/uploads\/2023\/07\/Ensaios-mec-e-metalografia-1024x724.jpg\" alt=\"\" class=\"wp-image-1839\" srcset=\"https:\/\/engmec.ibiruba.ifrs.edu.br\/wp-content\/uploads\/2023\/07\/Ensaios-mec-e-metalografia-1024x724.jpg 1024w, https:\/\/engmec.ibiruba.ifrs.edu.br\/wp-content\/uploads\/2023\/07\/Ensaios-mec-e-metalografia-300x212.jpg 300w, https:\/\/engmec.ibiruba.ifrs.edu.br\/wp-content\/uploads\/2023\/07\/Ensaios-mec-e-metalografia-768x543.jpg 768w, https:\/\/engmec.ibiruba.ifrs.edu.br\/wp-content\/uploads\/2023\/07\/Ensaios-mec-e-metalografia.jpg 1755w\" sizes=\"auto, (max-width: 1024px) 100vw, 1024px\" \/><figcaption>Mapa de Riscos do laborat\u00f3rio de Ensaios Mec\u00e2nicos e Metalografia<\/figcaption><\/figure>\n\n\n\n<figure class=\"wp-block-image\"><img loading=\"lazy\" decoding=\"async\" width=\"723\" height=\"1024\" src=\"http:\/\/engmec.ibiruba.ifrs.edu.br\/wp-content\/uploads\/2023\/07\/Ensaios-723x1024.jpg\" alt=\"\" class=\"wp-image-1841\" srcset=\"https:\/\/engmec.ibiruba.ifrs.edu.br\/wp-content\/uploads\/2023\/07\/Ensaios-723x1024.jpg 723w, https:\/\/engmec.ibiruba.ifrs.edu.br\/wp-content\/uploads\/2023\/07\/Ensaios-212x300.jpg 212w, https:\/\/engmec.ibiruba.ifrs.edu.br\/wp-content\/uploads\/2023\/07\/Ensaios-768x1088.jpg 768w, https:\/\/engmec.ibiruba.ifrs.edu.br\/wp-content\/uploads\/2023\/07\/Ensaios.jpg 1240w\" sizes=\"auto, (max-width: 723px) 100vw, 723px\" \/><figcaption> Plano de Manuten\u00e7\u00e3o do laborat\u00f3rio de Ensaios Mec\u00e2nicos e Metalografia<\/figcaption><\/figure>\n\n\n\n<figure class=\"wp-block-image\"><img loading=\"lazy\" decoding=\"async\" width=\"1024\" height=\"723\" src=\"http:\/\/engmec.ibiruba.ifrs.edu.br\/wp-content\/uploads\/2023\/07\/ensaios-mec-relat\u00f3rio_page-0001-1024x723.jpg\" alt=\"\" class=\"wp-image-1880\" srcset=\"https:\/\/engmec.ibiruba.ifrs.edu.br\/wp-content\/uploads\/2023\/07\/ensaios-mec-relat\u00f3rio_page-0001-1024x723.jpg 1024w, https:\/\/engmec.ibiruba.ifrs.edu.br\/wp-content\/uploads\/2023\/07\/ensaios-mec-relat\u00f3rio_page-0001-300x212.jpg 300w, https:\/\/engmec.ibiruba.ifrs.edu.br\/wp-content\/uploads\/2023\/07\/ensaios-mec-relat\u00f3rio_page-0001-768x542.jpg 768w, https:\/\/engmec.ibiruba.ifrs.edu.br\/wp-content\/uploads\/2023\/07\/ensaios-mec-relat\u00f3rio_page-0001.jpg 1756w\" sizes=\"auto, (max-width: 1024px) 100vw, 1024px\" \/><\/figure>\n","protected":false},"excerpt":{"rendered":"<p>O Laborat\u00f3rio de Ensaios conta com m\u00e1quina universal de ensaios, dur\u00f4metro com escala em Rockwell e modelo simplificado de ensaio de impacto. Com esses equipamentos, semestralmente, \u00e9 poss\u00edvel realizar diversos ensaios\/aulas pr\u00e1ticas tais como: ensaio de tra\u00e7\u00e3o; ensaio de compress\u00e3o; verifica\u00e7\u00e3o de durezas e microdurezas e ensaio demonstrativo de impacto. A parte de prepara\u00e7\u00e3o metalogr\u00e1fica [&hellip;]<\/p>\n","protected":false},"author":4,"featured_media":0,"parent":0,"menu_order":4,"comment_status":"closed","ping_status":"closed","template":"","meta":{"footnotes":""},"class_list":["post-354","page","type-page","status-publish","hentry"],"_links":{"self":[{"href":"https:\/\/engmec.ibiruba.ifrs.edu.br\/index.php\/wp-json\/wp\/v2\/pages\/354","targetHints":{"allow":["GET"]}}],"collection":[{"href":"https:\/\/engmec.ibiruba.ifrs.edu.br\/index.php\/wp-json\/wp\/v2\/pages"}],"about":[{"href":"https:\/\/engmec.ibiruba.ifrs.edu.br\/index.php\/wp-json\/wp\/v2\/types\/page"}],"author":[{"embeddable":true,"href":"https:\/\/engmec.ibiruba.ifrs.edu.br\/index.php\/wp-json\/wp\/v2\/users\/4"}],"replies":[{"embeddable":true,"href":"https:\/\/engmec.ibiruba.ifrs.edu.br\/index.php\/wp-json\/wp\/v2\/comments?post=354"}],"version-history":[{"count":41,"href":"https:\/\/engmec.ibiruba.ifrs.edu.br\/index.php\/wp-json\/wp\/v2\/pages\/354\/revisions"}],"predecessor-version":[{"id":1881,"href":"https:\/\/engmec.ibiruba.ifrs.edu.br\/index.php\/wp-json\/wp\/v2\/pages\/354\/revisions\/1881"}],"wp:attachment":[{"href":"https:\/\/engmec.ibiruba.ifrs.edu.br\/index.php\/wp-json\/wp\/v2\/media?parent=354"}],"curies":[{"name":"wp","href":"https:\/\/api.w.org\/{rel}","templated":true}]}}